)/o). Let p(q) = 2*q**2 - 21*q + 28. Is p(x) composite?
False
Suppose -5*m = 2*r - 126937, -14*r = -m - 18*r + 25391. Is m a prime number?
False
Let g(l) = 1482*l**2 - 7*l + 2. Is g(-5) a composite number?
False
Suppose 30*o - 1039987 = 3509571 + 7918532. Is o a prime number?
True
Let k be ((-60)/270)/(3/(-27)). Suppose 4*r = 2*r, -k*d = -4*r - 38834. Is d composite?
False
Let y be (-9)/27 + 80/6. Suppose -363 = -y*l + 4772. Is l prime?
False
Let h(c) = 2*c + 21. Let i be h(-9). Suppose -i*m + 4*m = -2*m. Suppose 9*y - 860 - 2803 = m. Is y prime?
False
Let z(b) = b**2 - b - 576. Let o be z(0). Suppose 0 = -29*v - 38043 + 2750. Let a = o - v. Is a a prime number?
True
Let r(a) = 17*a - 30. Let m be r(2). Suppose -2416 = -m*g + 10020. Is g a prime number?
True
Let p = -206649 + 359848. Is p composite?
True
Suppose 423*n - 415256884 = 462499418. Is n a prime number?
False
Let m(n) = -9*n**2 - 2373*n - 83. Is m(-92) a prime number?
True
Suppose 3*o - 257280 = 3*v, 0 = -53*o + 48*o - 8*v + 428787. Is o a prime number?
False
Let w = 8046 + 3320. Is w a composite number?
True
Let p(s) be the third derivative of s**6/10 + s**5/10 - s**4/12 - s**3/6 - 11*s**2. Is p(3) prime?
False
Let t(n) = 1863*n**2 - 11*n + 10*n + 745*n**2. Is t(-1) a composite number?
False
Let j = 16 - 7. Let c(r) = 15*r**2 + 11 - 11*r**2 + 29*r + 9*r**2 - 14*r**2. Is c(j) composite?
False
Let o(j) = 695*j**2 - 125*j - 401. Is o(-22) a prime number?
False
Let c = 1814 - -1597. Is c/(-1 + 4) + (3 - -1) a prime number?
False
Suppose 5*r - 143 = y + 4*r, 0 = -3*y - 3*r - 417. Let u = 772 - y. Suppose -u = -7*x + 921. Is x a prime number?
False
Let n = -29 + 32. Suppose -3*i - 2090 = -2*h, -5*i - n*h = 1465 + 2031. Let m = -181 - i. Is m composite?
True
Let z(g) = g**2 + 4*g - 3. Let x be z(-5). Let b be (-39 - -36)*(1*-2)/2. Suppose 3*a + 12 = 0, -k - x*k = -b*a - 291. Is k composite?
True
Suppose -2*u - 5*r - 14 = 0, 10 + 7 = 3*u - 2*r. Let a be -14 - (-32 - (9 - 23)). Suppose 6024 = 3*x - u*s - 432, 5*x = -a*s + 10769. Is x a prime number?
True
Let b(u) be the first derivative of 4*u**3 + 18*u**2 - 9*u - 18. Is b(-7) a prime number?
False
Let x be (-1092)/(-5) - 2/5. Let j be -75*((-8160)/153 + (2 - 3)). Suppose 223*s - x*s = j. Is s a composite number?
True
Suppose 3*h - 5*l = 74678, 0 = 5*h + l - 127214 + 2704. Is h a composite number?
True
Let p = -295 - -308. Suppose -18*v = -p*v - 12895. Is v composite?
False
Suppose 3112 = -3*r + 802. Let v be (18/21)/(5/r). Let c = 265 + v. Is c a prime number?
False
Let c(s) = s**3 - 23*s**2 + 25*s - 64. Let x be c(22). Suppose 0 = -5*g, 0 = x*r - g + 2*g - 1954. Is r composite?
False
Let i be (8696/30)/((-3)/9)*-5. Suppose 2*s + 3*p - 4352 = 0, -2*s - 3*p - 2*p = -i. Is s composite?
False
Let c(x) be the second derivative of -19*x - 5/6*x**3 + 25/2*x**2 + 1/4*x**4 + 0. Is c(9) prime?
True
Let t be 28/(738/(-184) - -4). Is (6/4)/((-1)/t) - 1 a prime number?
True
Suppose 2*v - 6*v + 593 = -3*s, -s + 613 = 4*v. Is (-15542)/v*(0 - 44) a prime number?
False
Let s = 222 + -123. Let c be (4/3)/(11/s). Is (1095 + 0)*4/c a prime number?
False
Let l(u) = 9*u**2 + 5*u + 9. Suppose 3*g + g - 16 = 0. Suppose 5*x + 5 = g*x. Is l(x) prime?
False
Suppose -18*p = -28*p + 100. Suppose 4 = -4*a + f, -5*a + 10*a = 5*f + p. Is 42/12 + a/(-4) - -2895 prime?
False
Let j be (-93)/156*-12 + 2/(-13). Let y(t) = 163*t + 17. Let z be y(j). Suppose 7424 = 14*x - z. Is x a prime number?
True
Suppose 0 = 6*y + 18*y + 24*y - 1934736. Is y a composite number?
True
Let h = 1043 + -699. Let d(i) = -5 + 9 - 11*i + 4 + h*i. Is d(3) composite?
True
Let k = 1904651 + -1116834. Is k prime?
True
Let o be (3 + (20 + 2)/1)/(-1). Let q = 43 + o. Is 7042/q + 8/(-36) a prime number?
False
Is ((-10)/2 - -7)*(-3266087)/(-22) a composite number?
True
Let y be ((-2)/12)/(3 - 51/18). Is 2/(y - 15636/(-15628)) a composite number?
False
Is 20/(-70) + (-1110964)/(-28) prime?
False
Let a = 12072 - 7072. Suppose 3*o - a - 1609 = 0. Is o a prime number?
True
Let f = 13379 + -13394. Let m(k) be the third derivative of k**5/20 + 35*k**4/24 + 7*k**3/6 - k**2. Is m(f) a prime number?
True
Suppose b - 3740 = -3*b. Suppose 4063 + 817 = -10*z. Let o = z + b. Is o a composite number?
True
Let k = -64 + 35. Let a = k + 1045. Let o = a - 721. Is o composite?
True
Let s(h) = -h**3 + 37*h**2 - 61*h - 132. Let u be s(35). Let f be (766/2 - -1) + -2. Let v = f + u. Is v prime?
False
Suppose 3*s + 5*o - 1 = 0, 0 = -s - 0*o - 3*o + 3. Is (s*(-11721)/18)/((-1)/(-2)) prime?
True
Let p(o) = -2*o**2 + o + 1. Let n(w) = -3*w**2 + w + 753. Let t(h) = n(h) - 4*p(h). Is t(0) a prime number?
False
Is 2*(15/60 - (1236759/(-12) + 2)) composite?
False
Let m(l) = l**2 + 6*l + 6. Let y be m(-4). Let g = 6 + y. Suppose -2*b + h + 522 = 5*h, -g*b = 4*h - 1024. Is b a composite number?
False
Suppose 3*i - 13 = -4, -4*j + 5 = -i. Suppose -5*c + 507 = 3*k, 3*c - 338 = -j*k + 2*c. Suppose 0 = -2*o - 2*g + 114, -o - 5*g + k = 2*o. Is o composite?
True
Suppose 722659 = q - 2*d, 5*d + 3332325 = 5*q - 280950. Is q a composite number?
True
Let h = 31269 - -3044. Is h prime?
True
Suppose -5*w - 3*d = -12487, w + 24*d - 29*d - 2503 = 0. Is w prime?
False
Let y = -258 + 260. Suppose 5*g + 2089 = j - 902, 9025 = 3*j - y*g. Is j composite?
False
Let k(l) = 43*l**2 + 5*l - 17. Let n be (-21)/28 + (574/(-8))/7. Let q be k(n). Suppose -23*m + 30*m = q. Is m a composite number?
False
Suppose 0 = -10*v + 36692 + 48358. Suppose -4*b - v = -f, 10867 = -4*f + 4*b + 44827. Is 5/((-180)/(-8)) + f/9 prime?
False
Suppose 0 = -9*d + 1946232 - 520461. Is d a prime number?
True
Suppose 2*f + 12 = -f, -6 = -g + f. Suppose g*o = 2*r - 1390, 2*o = 7*o + 3*r + 3443. Let v = 1172 + o. Is v a composite number?
True
Let h = 187 + -183. Suppose h*m + 0*m - 3*f = 38084, -19042 = -2*m - 3*f. Is m a composite number?
False
Let g(l) = -3*l - 17. Let s be -1 - (3 + 8 + -4). Let i be g(s). Is (-1)/((28/(-568))/i) a composite number?
True
Let n be 6/9*(-30)/(-4). Let y(d) = 8*d**3 + 12*d**2 + 11*d - 20. Let o be y(7). Suppose -4*z + 40 - o = -n*k, -5*k + 3*z = -3348. Is k prime?
False
Let a(z) = 1706*z - 5. Let s(x) = 345*x + 3. Let g(w) = -346*w - 4. Let r(b) = 4*g(b) + 5*s(b). Let n(u) = -2*a(u) + 11*r(u). Is n(2) a prime number?
True
Is -91382*(-4)/2*(-19)/(-76) composite?
False
Is 3*(23 - 24)*2570844/(-18) a prime number?
False
Suppose -10*d - 17*d = -2689770 - 619863. Is d a composite number?
False
Suppose 4*c = 4*m + 13404, 3*c = -c - 4*m + 13420. Is c composite?
True
Let v(h) = -2*h - 9. Let k be v(-6). Let p be 6 + 9220/15 + 11/33. Suppose 0 = j + 4*z - 315, -5*j - 5*z = -k*j - p. Is j a composite number?
True
Let g(s) = -4*s - 7. Let y = -7 + 4. Let r be g(y). Suppose 2417 = r*l - 1688. Is l a prime number?
True
Suppose -8 = -207*f + 205*f. Is (-6)/f*(5620/(-15) + -6) prime?
True
Let v(i) = -1081*i + 2074. Is v(-48) composite?
True
Let q be 2*(7230/(-4) + 3). Let d = -1039 - q. Suppose -559 = -3*z + d. Is z prime?
False
Suppose 43220 = 3*c - c - 2*m, m = -3*c + 64810. Suppose 2*n - 26240 = 3*b, -4637 - c = -2*n + 2*b. Is n prime?
False
Let a be -3 + 8 + (2 + -3)*3. Is (1/a)/(1 - 541215/541230) prime?
True
Suppose 2*k - 2*a = -2*k + 32, -2*a = 8. Let t = 40 + -31. Is (-3 + 3369/t)*k/4 prime?
True
Is (1201/3*-1)/(44 + (-234710)/5334) a composite number?
True
Let x be 15/6*432/60. Suppose 0 = x*p - 26*p + 22088. Is p a composite number?
True
Suppose 2*v - 80624 = -4*u + 57898, u - 5*v - 34636 = 0. Is u prime?
True
Suppose -44*t - 840330 = -62*t. Is t prime?
False
Let n(m) = 340*m**2 - 6*m - 1. Let l be n(3). Let s = -1082 + l. Suppose 3*g - s = -0*g. Is g a composite number?
False
Let d = 7983 - -43334. Is d prime?
False
Suppose 0 = w - 18*w + 34. Let d be (1 - w)*(-14 + -492). Let o = 363 + d. Is o prime?
False
Let x = -10177 + 160412. Suppose -143*b = -138*b - x. Is b composite?
False
Suppose 3*o - 30 = 2*a + a, -3*a = -2*o + 19. Suppose 4*q = 51 - o. Suppose -q*z - 2935 = -15*z. Is z a composite number?
False
Let a(g) = 2986*g + 180. Let h be a(8). Is 2 + h/16 + (-18)/(-24) a composite number?
True
Let r = 196936 - 107081. Is r a composite number?
True
Suppose 50*n - 6240482 = 5272287 + 7589681. Is n a prime number?
False
Let b = 112998 - -2081. Is b a pri